 - -538. Let b = 429 - k. What is the tens digit of b?
1
Let s(x) = -5933*x - 2955. What is the hundreds digit of s(-4)?
7
Let w be -3*(-3 + 4)*-1. Let s(a) = -8 + 17*a - 9*a**2 + a**3 - 6 + w. What is the tens digit of s(8)?
6
Suppose -15 = -4*x + 17. What is the units digit of 2/(x/(-1130))*-2?
5
Suppose -9*h + 128406 = 9*n - 11*h, -5*n - 3*h = -71312. What is the units digit of n?
6
Let f(v) = -2341*v - 5630. What is the units digit of f(-20)?
0
Suppose 6*z = 87 - 27. What is the tens digit of (336/10)/(51/z - 5)?
3
Let y(o) be the second derivative of 0 - 22*o - 7/2*o**2 + 1/2*o**3. What is the tens digit of y(13)?
3
Suppose 3*m - 51 = 2*r - 16, 5*m = -r + 41. Suppose m*u - 899 = 1198. Suppose 8*d = 1681 - u. What is the hundreds digit of d?
1
Let y = -3 + 8. Let r(o) = 3*o**2 - 252*o - 512. Let w be r(-2). Suppose -3*z - w*v = -9*v - 409, -2*z + 306 = y*v. What is the hundreds digit of z?
1
Let i be (9 - 4) + (28 - -5). Suppose -34*q = -i*q + 752. What is the units digit of q?
8
Let m = 91195 + -51108. What is the tens digit of m?
8
Let n = -8398 + 14848. What is the thousands digit of n?
6
Suppose 8*u + 11*u = 14345. Suppose 16*r = -u + 4083. What is the hundreds digit of r?
2
Suppose -24980 = -5*i - 7*p, -10638 = -2*i + 2*p - 622. What is the hundreds digit of i?
0
Let l(h) = -10*h**2 + 8*h**2 + h + 20*h + 3*h**2 - 12. Let q be l(-16). Let j = 149 + q. What is the units digit of j?
7
Let i = 26 - 23. Let f(r) = 4*r - 7. Let w be f(i). Suppose -c + 3*c - 163 = -w*z, -c - 2*z + 84 = 0. What is the units digit of c?
4
Let b = -6736 - -9676. What is the tens digit of b?
4
Let n be (-506)/8 - (-9)/36. Let t = n + 65. What is the units digit of (1 + 33)/(t - 9/6)?
8
Let h(i) = 10*i**2 - 15*i - 15. Let n be h(-7). Suppose -680 = -10*b + n. What is the hundreds digit of b?
1
Let s be 1 - (-5)/(15/9). Suppose 24*o - 21*o + l = 13, -22 = -5*o - 2*l. Suppose -4*a + 224 = 5*h - o*h, h + 232 = s*a. What is the tens digit of a?
5
Let k be ((-2)/(-2))/((-10)/(-30)). Suppose 9 = -m + 4*m, -k*a + 3141 = -m. Suppose 8*f - a = -0*f. What is the units digit of f?
1
Suppose -370977 = -12*a - 14*a - 33289. What is the units digit of a?
8
Let v be 2*((-1)/(-1) - -5). Let q be (v/(-6) - (0 - 2))/(-1). Suppose -4*p + 3*h + 827 = q, 3*p + 5*h - 613 = -0*p. What is the units digit of p?
6
Let w(g) = -29*g**2 + 13*g**2 + 13*g + 27 + 17*g**2. Let a be w(-11). Suppose 284 + 101 = a*j. What is the units digit of j?
7
Let j(a) be the third derivative of 7*a**5/10 - 19*a**4/24 - 17*a**3/2 + 74*a**2. What is the units digit of j(-3)?
4
What is the tens digit of (-2)/11 - 6627317/(-1111)?
6
Suppose 0*f - 4*y + 8 = f, 15 = 4*f - y. Let o be (2 - f)/2*0. Suppose o = -8*t + 7*t + 110. What is the hundreds digit of t?
1
What is the units digit of (-9)/(9/4) + 1 + (-126168)/(-4)?
9
Suppose 8*b - 120 = -16*b. Suppose -b*v + 1201 = t, -16*v = -14*v - 3*t - 494. What is the hundreds digit of v?
2
Suppose -11*z + 16*z = -30. Let v = 12 + z. Suppose -4*n - v*m + 2*m = -180, -43 = -n - 3*m. What is the units digit of n?
6
Let s(t) = -t**3 + 7*t**2 + 3*t - 17. Let q be s(7). Let y be ((3 - (4 + -3))*q)/(-2). Let i(o) = -43*o + 18. What is the tens digit of i(y)?
9
Suppose -2*g = 2*z - 31954, -g - g = z - 15973. What is the thousands digit of (-15)/(-6) + z/14?
1
What is the units digit of (-887958)/(-66) - (-5 + 3)*1/22?
4
Suppose 0 = -s - 4*i + 9091, 107*i = -3*s + 105*i + 27293. What is the tens digit of s?
9
Suppose -3*i - 33 = -4*i - 3*c, 0 = -3*i - c + 59. Let j = i - -95. Suppose j = 4*b - 123. What is the units digit of b?
9
Let j(z) = -z. Let i(a) = 6*a - 3. Let q(p) = 2*i(p) + 14*j(p). Suppose 20*f + 91 = -9. What is the units digit of q(f)?
4
What is the tens digit of (8*2/(-12))/((-18)/125010)?
6
Suppose -635 = -34*s + 33*s. Let l = s - 240. Let k = l + -270. What is the tens digit of k?
2
Suppose -2287 + 11386 = 9*v. Let j = v - 632. What is the hundreds digit of j?
3
Suppose 934 = 3*a - 5*c, -4*a + 11*c + 1256 = 15*c. Let d be (1 + 0)*(197 - 11). Suppose 4*y = -x + a + d, -5*y + x + 635 = 0. What is the units digit of y?
6
Suppose 5*p = -m - 58, -10*p = -5*p + 2*m + 56. Let u = p + 365. What is the units digit of u?
3
Let b(d) = -d**3 + 35*d**2 - 36*d + 64. Let o be b(34). What is the units digit of (o - (-76 - -4))*15/4?
5
Let a(q) = -6*q**2 + 4*q. Let n be a(3). Let l = -43 - n. What is the tens digit of l*5/(15/(-216))?
7
Suppose -21*n - 301 + 763 = 0. Suppose -n*g + 17113 - 1933 = 0. What is the units digit of g?
0
Let a = 30470 + -19252. What is the thousands digit of a?
1
Suppose 3*k = -5*q + 10026, -k - 4*q = -2*k + 3342. Suppose k = 8*l - 5010. What is the units digit of l?
4
Let z(a) = -6*a**3 - 10*a**2 - 197*a - 8. What is the units digit of z(-10)?
2
Let t(m) = 821*m - 111. Let y be t(3). Suppose y = 3*j + 216. What is the units digit of j?
2
Let z(o) be the second derivative of o**5/10 - 7*o**4/12 - 2*o**3 + 17*o**2/2 - 4*o + 2. What is the units digit of z(5)?
2
Suppose -58*d + 1003113 = 244705. What is the units digit of d?
6
Let z(c) = 7*c + 8. Let r be -2*85/10*-1. What is the units digit of z(r)?
7
Let b(z) be the first derivative of 2*z**2 + 115*z + 16. Let g be b(0). Let d = g + -29. What is the units digit of d?
6
Suppose -10493779 + 19594 = -195*h - 54*h. What is the units digit of h?
5
Let f(r) = -2*r - 12. Let x be f(-5). Let h be (0 - x)*(-57)/(-6). Suppose -2*d + h*d - 2533 = 0. What is the hundreds digit of d?
1
Suppose -4*g - c - 2*c + 16679 = 0, 0 = g - 5*c - 4141. What is the units digit of g?
6
Suppose 3*r - 24*r + 540810 = 6*r. What is the hundreds digit of r?
0
Let g be 1074/358 - (0 + 4/(-2) - -3). Suppose -5*t - 2*r - 3*r = 580, 5*r + 20 = 0. What is the hundreds digit of (t/(-4) - -1)*14/g?
2
Let n(g) = 29*g - 87. Let a(l) = 14*l - 43. Let f(z) = -14*z + 43. Let w(x) = 2*a(x) + 3*f(x). Let s(j) = -6*n(j) - 13*w(j). What is the units digit of s(15)?
3
Let o(b) = b**3 + 11*b**2 + 11*b + 13. Let c be o(-10). Suppose -2*u + 365 = -3*i, c*u = i + 406 + 124. What is the hundreds digit of u?
1
Let a = 25 + -20. Suppose 11*d - 8*d = 2*z + 1328, 0 = -a*z - 20. Suppose 5*c + 0*y = -5*y + 700, 3*c - d = y. What is the tens digit of c?
4
Let w(x) = 11*x - 116. Let m be w(0). Let t = m + 276. What is the tens digit of t?
6
Let g be (-1 + 2)/(-1) + 0. Let s(a) = -192*a**2 + 21*a - 3. Let y(u) = 577*u**2 - 67*u + 9. Let o(z) = -19*s(z) - 6*y(z). What is the units digit of o(g)?
6
Let p(k) = -2*k**2 - 69*k + 23. Let h be p(-35). What is the hundreds digit of 2134/8 + 9/h?
2
Let f(w) = 39*w**2 + w + 621. What is the units digit of f(29)?
9
Let h = 15 + -26. Let f(o) = o**2 + 10*o - 16. Let k be f(h). Let w(t) = 2*t**2 + 2*t - 7. What is the tens digit of w(k)?
3
Suppose 5*p = 9639 - 574. Suppose 3*j - 3587 = -4*d, 0 = 4*d - 2*d - 5*j - p. What is the units digit of d?
9
Let d be (-56850)/60*(-2)/5. Suppose 2*v - 1742 - d = 3*j, -5*j + 1080 = v. What is the hundreds digit of v?
0
Suppose -110*n + 114*n = -4*b + 10228, 0 = -2*b + 4. What is the units digit of n?
5
Suppose -12 = -2*h + 3*r, -2*r + 0*r - 4 = 0. Let v be 1 + 1 + (-1 - h - -5). Suppose 3*y + 148 = 3*s - y, 5*s = v*y + 265. What is the units digit of s?
6
Let h(p) be the second derivative of -9*p**3/2 + p**2 - 123*p. Let z = 6 - 7. What is the tens digit of h(z)?
2
Let k(d) = -7*d**3 + 6*d**2 + 9*d - 46. Let r(s) = -8*s**3 + 8*s**2 + 10*s - 47. Let g(z) = 6*k(z) - 5*r(z). What is the tens digit of g(-7)?
2
Suppose 0 = 2*x - 14, 2*m - 4*x - 33274 - 14470 = 0. What is the units digit of m?
6
Let a be 0 + (1 + 0 + 4 - (-3 - -20)). Let t(s) be the third derivative of -7*s**4/12 + 4*s**3/3 - 2*s**2. What is the units digit of t(a)?
6
What is the tens digit of ((-543)/(-18)*3)/(27/1026)?
3
Let k be (3/(-3) - 0 - -2) + -1. Let q(r) be the first derivative of -2*r**2 + 153*r + 30. What is the hundreds digit of q(k)?
1
Suppose -4*r = -n - 146, 44 + 98 = 4*r - 3*n. Let y = r + -52. What is the units digit of 12*(18/(-135) - 182/y)?
4
Let g(d) = d**3 + 44*d**2 - 40*d - 31. What is the units digit of g(-41)?
2
Suppose -5*l - 45 = -8*l. What is the hundreds digit of (42/l)/(-7) - 2952/(-5)?
5
Let t(f) = -2*f**3 - 7*f**2 + 2*f + 11. Let g be t(-5). What is the units digit of ((-535)/(-2) + -2)*g/57?
4